e?
False
Let v(s) = -9973*s - 4940. Is v(-7) a prime number?
True
Suppose 448*i = 453*i - 140. Suppose -18*g = -i*g + 168650. Is g a composite number?
True
Suppose 14*u - 998 = -q + 10*u, -3*u = 3*q - 2985. Let h be (-1)/(-3) - (-33)/9. Suppose h*r - 8 = 0, -2*r + q + 177 = 3*n. Is n prime?
True
Suppose -110*v = -113*v - 2289. Let o = v + 4748. Is o a prime number?
False
Suppose 0 = 3*l - 33841 + 1516. Suppose -f + 4330 = f - 3*u, -5*u + l = 5*f. Is f composite?
True
Let o = 13998 - -16635. Is o composite?
True
Let b = 163837 + 75324. Is b prime?
False
Suppose r - 18 = -2*m, -m - 9 = -2*m - 3*r. Let t(u) = -39*u**2 - 11*u + 7. Let i(p) = 46*p**2 + 12*p - 7. Let a(l) = -3*i(l) - 4*t(l). Is a(m) composite?
False
Let z(d) = -3122*d**2 - d - 1. Let r be z(-1). Let q = 9934 - 14617. Let g = r - q. Is g a prime number?
False
Let r(f) = -f**3 - 3*f**2 + 70*f - 1. Let x be r(-10). Is (x + 2039)*1334/116 composite?
True
Let c(r) = -1279*r - 2116. Is c(-63) composite?
True
Is 3/(-6*(-15)/11755410) a prime number?
True
Let p(c) = -97347*c - 10471. Is p(-16) a composite number?
True
Let v = -81 - -93. Suppose -v*k + 13203 + 7989 = 0. Let s = k + -975. Is s composite?
True
Let z(j) = -95*j + 1186. Is z(-24) prime?
False
Let d(f) = 388*f - 175 - 103 + 373. Is d(12) composite?
False
Let u(p) be the first derivative of -155*p**2/2 + 11*p - 1. Let l be u(-5). Is (-1 + l - -2)*(2 + -1) composite?
False
Suppose -3*p = -1045 - 1145. Let b = -1317 - p. Is 1*b*1/(-1) a composite number?
True
Suppose -323028 + 69333 = -5*d - 2*w, 0 = 4*d - 3*w - 202933. Is d composite?
True
Is ((-4)/(-5))/((-32)/80)*(-19554)/12 composite?
False
Suppose 5*k - 7*k = 0. Suppose 2*y - z - 26515 = 0, k = -3*y + 5*z - 8100 + 47883. Suppose 14*f - y = 6*f. Is f prime?
True
Let f = 60 - 57. Suppose -3*c + f*a = -a - 2667, 5*a - 1801 = -2*c. Is c a prime number?
False
Let q(h) = 5*h - 46. Let t be q(11). Is (t - (-23368)/16)/(2/4) composite?
False
Suppose 5*q - 4*q - 8 = 0. Suppose -2*g - 15 = 3*c + 1, -2*c = -q. Is g/(-77) + (-1)/(11/(-19325)) a composite number?
True
Let r = 7636274 - 5406031. Is r a prime number?
True
Let f(a) = 691*a - 256. Is f(9) a prime number?
False
Suppose 114 = 5*m + 464. Let h be (10/(-35) + 22/m)*-5. Suppose 2*c - 158 = -h*u + 323, -162 = -u - c. Is u a composite number?
False
Suppose 6 = 66*v - 72*v. Is ((-4430)/4 + v)/(12/(-16)) a composite number?
True
Suppose 4*k + 2*j - 3*j + 7003 = 0, -7015 = 4*k - 5*j. Let d = k - -3012. Is d prime?
False
Let n(y) = 64*y**2 - 13*y - 1. Let z be n(9). Let u be (5 + -5)/(3 + -2). Suppose 5*w = 0, -x - x + 3*w + z = u. Is x composite?
True
Let u = 84954 - -5375. Is u composite?
True
Suppose -2*c = -3*q + 16, -4*q = -3*c - 21 - 1. Suppose -4*v + 23824 = -4*h, 2*h = q*v - 19107 - 4707. Is v a prime number?
False
Suppose 3*v + 5*m - 4*m - 3102536 = 0, -2*m + 1034182 = v. Suppose 6530 = -64*b + v. Is b a prime number?
True
Suppose -17152 = -8*z + 6*z. Let j = z + -2055. Is j a prime number?
True
Suppose 151*j + 150*j = 266*j + 5859665. Is j a prime number?
False
Suppose 4*c - 5 = 5*y, -9*y + 7*y - 9 = -3*c. Suppose -c*d = p - 21241, -5*p + 12767 = 3*d - 10*p. Is d a composite number?
True
Suppose 3*d - 2*u - 3271615 = 0, -36*u = -5*d - 38*u + 5452665. Is d a prime number?
False
Let p = -18 + 37. Let s = p + -26. Is (s/3)/(5/(-105)) a composite number?
True
Suppose g + 0 = 4. Suppose 0 = -n + 2 + g. Is 321/3*(8 - n) a prime number?
False
Suppose -3*a - 4*x - 8 = 2*a, 4*a + 3*x + 6 = 0. Suppose -7*m + 28 + 0 = a. Suppose m*g + 2225 = 9*g. Is g composite?
True
Let m be (-192)/9 - (-2 + (-16)/(-6)). Is (-7)/(m + 8)*26798 a prime number?
True
Suppose 3*z = -4*z - 245. Let w be (52/65)/((-2)/z). Suppose w*v = 11*v + 6693. Is v composite?
True
Suppose -24*a + 54*a = 640290. Is a prime?
False
Let z(l) be the first derivative of -l**4/4 + 4*l**3/3 + l**2/2 - 2*l + 9. Let h be z(3). Let u(k) = 5*k**2 - 2*k + 13. Is u(h) a composite number?
True
Is (4/16)/(12/12595344) a prime number?
False
Let v(f) = -7243*f - 285. Is v(-28) a composite number?
False
Suppose 369*o - 355*o = 728. Suppose 38 = j + 16. Let v = j + o. Is v a prime number?
False
Suppose 59*n = 38*n - 359793. Is ((-2)/6*-2)/((-2)/n) composite?
False
Suppose 0 = -3*i - 9, v - 7 = 5*i + 10. Suppose -v*t + 2*o - 4*o = -18, -12 = -2*t + 4*o. Suppose 5*b = t + 437. Is b a composite number?
False
Let u = -41 + 55. Suppose -21 = -4*z - o + 32, -2*o = -2*z + u. Is (-667)/(-4) + z/(-16) composite?
True
Let w(u) = -u**3 + 11*u**2 + 13*u. Let x be w(12). Suppose x*g - 5*g = 28. Is g/8 - (-3554)/4 composite?
True
Suppose 39*o + 310354 = 88*o - 38*o. Is o prime?
False
Let a(k) = 2*k**3 + 2*k**2 - 6*k + 3. Let j be a(2). Let d be (14 - j)*0/1. Suppose d = -t + 5*t - 2348. Is t composite?
False
Suppose -102391 - 72587 = 5*a - k, 5*a - 2*k = -174981. Is a/25*5/(-3) a prime number?
True
Let p be 1/22*-4 - 665856/99. Let o = p + 9545. Is o a prime number?
True
Let x(p) = -6747*p**2 - 62. Let z be x(-7). Is 8/60 + z/(-75) a composite number?
False
Let s(k) = 63*k**2 + k - 3. Let c be (-2 + 10/3)*(-12)/(-8). Suppose -c*z + 74 = 70. Is s(z) prime?
True
Suppose 11*k + 48131 = -3*k + 4021905. Is k composite?
True
Suppose -65 = -18*o - 11. Suppose j + 55293 = 6*j - 4*p, -4*j + 44222 = o*p. Is j composite?
False
Is ((-4)/3)/(100/(-2112975)) a prime number?
False
Suppose 27*g - 24*g - 70092 = 0. Let d = g - 13847. Is d prime?
False
Suppose -c + 10*c = -51957. Let q = -2114 - c. Is q prime?
True
Let i(m) = m + 13. Let r(q) = 4*q + 5. Let k be r(-3). Let l be i(k). Suppose -2*z = l*s - s - 9007, 0 = 4*s - 4*z - 7200. Is s prime?
True
Let u(b) = 59996*b - 327. Is u(4) prime?
False
Let x = 14083 + 49868. Is x a prime number?
False
Let l = -16 - -20. Let n be (-72)/l*(-175)/(-10). Let i = -174 - n. Is i a composite number?
True
Suppose 28*n - 209 + 237 = 0. Let v(t) = -t**2 - 4*t - 3. Let l be v(-3). Is (l - (-3 + n)) + (-1755)/(-3) a composite number?
True
Let f be 46 + -2 - (-2 - -3). Let v = f - 45. Is -2*v*327/6 prime?
False
Let c(d) = -d**3 + d**2 + 3*d + 1. Let o be c(-2). Suppose 1765 = -o*q + 17186. Is q a composite number?
False
Let x = -9892 - -21951. Let s = x + -6346. Is s a composite number?
True
Suppose 23 + 17 = 20*a. Suppose a*x + 27359 = 5*k, 5467 = -0*k + k + 2*x. Is k prime?
True
Let t be 36/8 + 2/4. Suppose -5*l - 13 = 267*p - 263*p, -17 = p + 4*l. Suppose -k + 1491 = -4*z, p*k + t*z = 5*k - 2976. Is k composite?
False
Let y(i) = 279*i**2 - 195*i + 1003. Is y(5) a composite number?
True
Suppose -3*t + 5*r = -2*t - 25, 0 = t + 2*r + 10. Suppose t = -8*k + 238 + 81882. Suppose -2*l = 3*l - k. Is l a prime number?
True
Suppose -39*v + 162*v + 356330 = 2073779. Is v a composite number?
False
Let h(l) = -2611*l + 22. Is h(-1) a prime number?
True
Suppose -s + 2*g = 7, -2*s + g - 2 = -s. Suppose 5*t - s*b - 590 = 195, 460 = 3*t - 4*b. Suppose o = t - 3. Is o a prime number?
True
Let f = -243 + 237. Let x(p) = -42*p**3 + 6*p**2 + 35*p + 13. Is x(f) prime?
True
Let g be ((-22745)/20 + 5)*-8. Suppose g = -118*y + 120*y. Is y composite?
True
Let u(w) = 2*w**3 + 115*w**2 + 249*w + 16. Is u(-54) a prime number?
False
Let a be 3 + 1 - (12 - 179). Let h be (12/3)/(1/2). Suppose v + h = a. Is v prime?
True
Let h(q) = 3*q**3 - 6*q**2 - 4*q - 17. Let u be h(3). Let w(b) = -4 + 70*b - 7 - 396*b. Is w(u) a composite number?
False
Let a = 6697 - -624. Let b = 468 + a. Is b a prime number?
True
Let g be (-10 - -681)*(4 - 3). Let v = g + -325. Is v a prime number?
False
Let m = 322498 - 153635. Is m composite?
False
Let s(k) = -8*k**2 + 4*k**3 - 7*k**2 - 3 - 10*k**2 + 23*k**2 - 4*k. Suppose 169*c - 4 = 168*c. Is s(c) composite?
True
Let y = -96013 - -167754. Is y a composite number?
False
Let n = 204 + -296. Let l = -87 - n. Suppose -4*m = 3*j - 597 - 44, m - l*j = 143. Is m a composite number?
True
Let r = 11430 + 39409. Is r a composite number?
False
Suppose -4*r = 39*n - 34*n - 110176, -5*r = 4*n - 137711. Is r prime?
True
Let r = -2534 + 12669. Is r prime?
False
Suppose 5*d + a = 2 - 7, -d - 5*a - 25 = 0. Suppose -4*l + 16 = d, -7*g = -3*g + 4*l - 24. Is 1/((-2272)/(-11260) + g/(-10)) a composite number?
False
Suppose 5*k - 2*m = 19, 2*m + 0*m - 21 = -3*k. Suppose 8*w = 4*d + 4*w - 7760, 9670 = k*d + 5